mposite number?
True
Let v be 0/(-1 - 0 - 0). Suppose v = 2*d - t - 0*t - 302, -150 = -d + t. Let s = d - 85. Is s a prime number?
True
Let f(r) = 1049*r**2 + r - 1. Is f(1) a composite number?
False
Let n = -53 + 84. Is n a composite number?
False
Let m(n) = -n**3 - 7*n**2 + 8*n - 1. Is m(-9) a composite number?
False
Suppose 0 = -4*r + 4. Is 4/r*95/10 a prime number?
False
Let r(u) = 7*u + 1. Let g(j) = j**3 - 3*j**2 - 2*j - 5. Let n be g(4). Is r(n) composite?
True
Let g(h) = -6*h**3 + 2*h**2 - 6*h + 7. Let r be (-1 - (-10)/6)*-6. Let o(y) = 7*y**3 - y**2 + 6*y - 8. Let q(p) = r*o(p) - 5*g(p). Is q(4) a prime number?
True
Let k be ((-1)/(-3))/(1/(-6)). Is 978/(-9)*3/k a composite number?
False
Let p(y) = 2*y - 4. Let j be p(4). Suppose 4*v + 0*v - j = 0. Is 19*(v - 2)/(-1) composite?
False
Suppose 4 + 12 = 4*h. Let z = h - 4. Suppose -o = -5, 664 = 4*f + 4*o - z*o. Is f prime?
False
Let b(c) = -c - 12. Let x be b(-10). Let g be (-2)/1 - (-8 - x). Is 117 + 5/(10/g) composite?
True
Let i be ((-2)/(-4))/((-3)/(-24)). Let f(b) = 3*b**2 + 5. Is f(i) a composite number?
False
Let a(k) = -k**3 - 3*k**2 - 8*k - 7. Is a(-6) composite?
False
Suppose 2*o - 24 = -5*s, 4*o - o + 4*s - 22 = 0. Suppose 0 = -o*r + 4. Suppose -y + 14 = -2*m, 2*y + r*m - 18 = m. Is y a composite number?
True
Let m be 16/6 - 4/6. Suppose 4*u = 2*u, -m*u + 93 = p. Suppose -2*t + 9 = -p. Is t a prime number?
False
Let w(x) = 17*x**2 - x + 3. Is w(10) composite?
False
Let y = -23641 + 33174. Is y composite?
False
Let p be (-5)/(-20) - 3/12. Is 91 + p + -5 + 3 a prime number?
True
Suppose 4*t = -9 - 3. Is 2 + t/1 + 56 composite?
True
Let q(g) = 7 + g + 3 - 2*g. Let m be q(7). Suppose -m*h - 75 = -6*h. Is h composite?
True
Let d = -155 - -222. Is d a composite number?
False
Let m(j) = -j**3 - 3*j**2 - 2*j - 1. Let l be m(-3). Suppose -l*p - 1 = 14, 3*b - 3 = -3*p. Is 23/b*(1 - -3) a composite number?
False
Let n(u) = -2*u**2 + 12*u + 3. Let c(m) = m**2 - 12*m - 4. Suppose -9 = -4*z + 3. Let v(a) = z*c(a) + 2*n(a). Is v(-8) a prime number?
False
Let v(o) = -7*o**2 + 4*o - 2. Let h be v(5). Is h/((0 + 1)/(-1)) a prime number?
True
Suppose -3*p - 5*f - 3 = 2, 3*f = -12. Let v(q) = q**3 + 3*q**2 + 3*q. Let z be v(p). Suppose -z = 4*j - 9*j. Is j prime?
True
Suppose 150 = 6*u + 12. Let m = 45 - u. Is m a composite number?
True
Suppose 0 = -6*w + 260 + 130. Is w a prime number?
False
Suppose 2*l + 12 = -2*l. Let k = 110 + -74. Is -2 + (-3)/l + k composite?
True
Suppose -4*k = -3486 + 506. Is k prime?
False
Suppose -2778 = 11*g - 17947. Is g prime?
False
Suppose 7*g - 3*g = a - 437, -4*a = -5*g - 1748. Is a a composite number?
True
Suppose j - g = -2898, -11572 = -0*j + 4*j + g. Is 4/18 + j/(-18) prime?
False
Suppose -5*y - 3*s + 125 = 2*s, 0 = -5*y - s + 137. Suppose y = 4*c - 4*z, -4*c - 2*z - z = -21. Is c prime?
False
Suppose n + 5*x + 1091 = 0, 0 = 4*n + 5*x + 3255 + 1064. Is n*(-3 + 15/6) prime?
False
Let q(o) = -o**3 - 13*o**2 - 34*o - 5. Is q(-15) a prime number?
False
Suppose -c - 2 + 8 = 0. Is c/4*-2 + 16 a prime number?
True
Let m(x) = 3*x**2 - 3*x - 1. Suppose 4*o + o + 21 = 2*h, o - 6 = -3*h. Let z be m(h). Let n = z - 7. Is n a prime number?
False
Suppose 0 = -4*g - 2*m + 7224, -2*g + 3453 = 5*m - 151. Is g prime?
False
Let w(v) = 11*v**2 - 15*v + 13. Is w(5) a composite number?
True
Suppose -11*q + 43917 = 8156. Is q composite?
False
Let w(a) = -221*a. Is w(-1) a prime number?
False
Suppose 5*x - 126 = -2*k, -3*x + 63 = -x + 5*k. Suppose -4*g + g = x. Let q(f) = f**2 - 6. Is q(g) a composite number?
True
Let p = 12 + -7. Let a(r) = 16 - p + 10 - r. Is a(0) a prime number?
False
Let z = -4 + 8. Suppose -4*t - 1 + 25 = z*m, -2*t + 5*m + 12 = 0. Is t a composite number?
True
Suppose -4*u - 4 = -176. Is u composite?
False
Suppose 0 = 4*x - 58 - 74. Is x a prime number?
False
Let w(d) be the third derivative of -d**6/120 - d**5/12 + d**4/4 + d**3/6 + 3*d**2. Let j = -5 - 2. Is w(j) a prime number?
False
Let w(u) = -19*u - 1. Let z(m) = -2*m + 6. Let t be z(5). Let q be ((-2)/4)/((-1)/t). Is w(q) prime?
True
Suppose 5 = 2*c - 55. Suppose -3*z = 2*z - c. Suppose -3*o = -4*u - z*o + 397, 2*u + o = 197. Is u composite?
False
Let v be 6/27 - 1897/(-9). Let a = v - 122. Is a prime?
True
Suppose -7*f + 3*f = -16. Suppose 0 = -u - 2*c + 3, -f*u - u + 3*c = -54. Is 438/u - (-2)/6 composite?
True
Let d = 32 + -7. Is d composite?
True
Let i(z) = -z**2 + 7*z + 8. Let o be i(7). Is ((-1144)/32)/((-2)/o) composite?
True
Suppose -2*c = 2*c. Let d be 0 + 2 + -2 - c. Suppose d = 3*v - o - 263, -v - 3*o - 1 = -82. Is v a composite number?
True
Let w be 2/8*-2*0. Let n be 115*(w + (-4)/(-10)). Suppose 6*u - n = 4*u. Is u prime?
True
Suppose -10*d + 655 = -5*d. Is d prime?
True
Let b = 17 + -12. Suppose -6*u = 3*j - 2*u - 262, -5*j = -b*u - 390. Is j composite?
True
Let v = -3 + 6. Let k be (1*-3)/v - -106. Suppose -2*p - k = -3*a + p, 3*a - 2*p = 101. Is a prime?
True
Let q = 2610 - 971. Is q composite?
True
Let m(d) = -d**3 + 6*d**2 + d + 3. Suppose 15 = 3*f, 3*r - 17 = 5*r - 5*f. Is m(r) prime?
False
Let n(p) = -5*p**3 + 5*p**2 - 6*p + 1. Let j(h) = 4*h**3 - 4*h**2 + 5*h. Let i(z) = 4*j(z) + 3*n(z). Is i(4) prime?
True
Let p be 11/(-22)*107*-6. Let f = 482 - p. Is f composite?
True
Let s = 1 - 1. Suppose 2*c + 2*c + 12 = 0. Is (-54 + -3)/c + s composite?
False
Suppose 3*h - 15 = 0, 4*y + 5*h - 1920 = -y. Is y prime?
True
Is 59/1 - (0 + 0) prime?
True
Suppose -4*f = y - 5*y - 804, -2*f + 3*y + 399 = 0. Let a = -83 + f. Is a prime?
False
Let t(l) = l**2 + 2*l + 1. Let s be t(-5). Let x = 31 - s. Is x a composite number?
True
Let f(b) be the second derivative of -b**4/12 + 2*b**3/3 + 5*b**2/2 - 3*b. Let y be f(5). Suppose d - 19 - 52 = y. Is d a composite number?
False
Let x(m) = -10 + 5*m**2 + 3*m**2 - 4*m**2 - 3*m**2 - 16*m. Is x(-11) composite?
True
Let h(m) = 23*m - 2. Let l(g) = 231*g - 21. Let a(n) = 21*h(n) - 2*l(n). Is a(1) a prime number?
False
Suppose 4*p + 55 = 15*p. Let x(q) = -q + 97. Let o be x(0). Suppose 3*u - u - 55 = -p*d, 4*u - 3*d = o. Is u a composite number?
True
Let x = -418 + 725. Is x a composite number?
False
Suppose 0 = 2*v + 4*x + 32, -3 = 3*v - 4*x + x. Let j = v - 10. Is (-1)/(1 + j/14) a composite number?
False
Suppose -2*z + 5339 = -3*x + 6*x, 4*x - 7112 = -z. Is x prime?
True
Suppose 6*f - 1271 = -305. Is f composite?
True
Is (20/15)/2*(-8253)/(-6) composite?
True
Let n(m) be the third derivative of m**6/60 - m**5/15 + m**4/6 - m**3/2 - m**2. Let s be n(2). Suppose -j + 2*a + 27 = 0, 4*j - s*a - 132 = -3*a. Is j prime?
False
Let i(v) = 13*v - 4. Let l(c) = c**2 + 10*c + 8. Let s be l(-9). Let q = s + 4. Is i(q) prime?
False
Let f = 126 - 200. Suppose 0*p = p + 129. Let q = f - p. Is q prime?
False
Let h = -1 - -4. Suppose -4*r + 734 = -2*w, -r - w + 749 = h*r. Is r/(-4)*(-2)/3 prime?
True
Suppose -5*v = 0, 94 - 1 = 3*h - 5*v. Is h prime?
True
Let m(i) = i**3 - 5*i**2 + 2*i - 5. Let b be m(5). Let q(t) = -t**2 + 5*t - 4. Let l be q(4). Suppose 4*h - 2*r - 152 = -l*r, b*r - 166 = -4*h. Is h composite?
True
Suppose 0 = -5*n + 2923 - 428. Is n a composite number?
False
Suppose -3*w = w. Let z = 36 + -31. Suppose -5*g + 385 = -z*m, w = -m - m. Is g composite?
True
Let m = 10 - 16. Is (87 - m)/((-6)/(-4)) prime?
False
Suppose 0 = -j + 2*j + u - 55, 5*j = -4*u + 273. Is j a prime number?
True
Suppose -w = -0*w - 6. Let m be (3/w)/((-2)/24). Let i = m - -20. Is i a composite number?
True
Let d be (-1 + 1 - 0)/(-1). Suppose d = -w - 3*w + 372. Is w a composite number?
True
Let d(b) = -b**2 - 6*b - 5. Let u be d(-5). Suppose u = 5*i - 8*i + 117. Is i composite?
True
Let p(h) = -5*h**3 - 2*h**2 - 2*h + 1. Is p(-2) composite?
False
Is -2*(-1)/(-2) - (-364 + 16) a prime number?
True
Let i = 340 + -174. Suppose -179 = 3*l + 5*p + 129, -2*l + 3*p = 237. Let o = l + i. Is o a prime number?
False
Suppose -5*o = 5*l, 4*o + 10 = -o. Suppose 3*h = -l*h + 715. Is h a composite number?
True
Let s(j) = -15*j - 4. Let t be s(5). Let d be 1*1/((-1)/(-114)). Let u = d + t. Is u composite?
True
Let y(u) = u**3 + u**2 - 8*u + 1. Is y(5) prime?
False
Suppose -2*d - 936 = -4534. Is d composite?
True
Suppose 6*m - 3830 - 3256 = 0. Is m prime?
True
Let q = -16 + 19. Suppose -8*x + q*x = -95.